{"id":3227,"date":"2025-01-14T11:43:35","date_gmt":"2025-01-14T10:43:35","guid":{"rendered":"https:\/\/seeleundstimme.de\/start\/?page_id=3227"},"modified":"2025-01-14T11:45:56","modified_gmt":"2025-01-14T10:45:56","slug":"meine-arbeitsweise","status":"publish","type":"page","link":"https:\/\/seeleundstimme.de\/start\/meine-arbeitsweise\/","title":{"rendered":"Meine Arbeitsweise"},"content":{"rendered":"<h2 class=\"wp-block-heading\"><strong>MEINE ARBEITSWEISE<\/strong><\/h2><p>Auf meinem Weg der Erforschung von Seelenr\u00e4umen und Bewusstsein durfte ich bisher von vielen wundervollen Menschen lernen. Ihre Erkenntnisse flie\u00dfen inzwischen ganz nat\u00fcrlich in mein t\u00e4gliches Tun und Denken ein, sie verwurzeln sich immer weiter in meinem Innersten.<\/p><p>Diesen Menschen (wie z.B. Eckhart Tolle, Gopal Norbert Klein, Kathrin Shana Weish\u00e4upl, R\u00fcdiger Dahlke, Clemens Kuby, Katie Byron, Christian Meyer, Susanne H\u00fchn, Carien Wijnen, und viele viele andere), bin ich zutiefst daf\u00fcr dankbar, dass sie ihr Wissen im Bereich Bewusstseinserweiterung, Traumatherapie, Gesangstherapie, Arbeit mit dem inneren Kind, Spiritualit\u00e4t an andere weitergeben.<\/p><p>Meine Arbeit ist nat\u00fcrlich auch gepr\u00e4gt von tiefen eigenen mehr und weniger f\u00f6rderlichen Erfahrungen, durch die ich bisher gegangen bin, und die mich zu der geformt haben, die sich heute zeigt.<\/p><p>Als Wegbegleiterin verstehe ich mich als ber\u00fchrbares und ganz pr\u00e4sentes Gegen\u00fcber. Jede Begegnung h\u00e4lt auch f\u00fcr mich den Raum von Geben und Nehmen, f\u00fcr meine eigenen Wachstums-und Erfahrungsprozesse offen.<\/p><p>Ich glaube zu 100% an Deine Kraft und bin achtsam pr\u00e4sent. Deshalb bekommst Du im passenden Moment genau den Impuls von mir, der Dich zu Deinem n\u00e4chsten Schritt f\u00fchrt.<br>Das mitzuerleben ist soo sch\u00f6n!<\/p><p>Kontakt per Mail: info@seeleundstimme.de<\/p>","protected":false},"excerpt":{"rendered":"<p>MEINE ARBEITSWEISE Auf meinem Weg der Erforschung von Seelenr\u00e4umen und Bewusstsein durfte ich bisher von vielen wundervollen Menschen lernen. Ihre Erkenntnisse flie\u00dfen inzwischen ganz nat\u00fcrlich in mein t\u00e4gliches Tun und Denken ein, sie verwurzeln sich immer weiter in meinem Innersten. Diesen Menschen (wie z.B. Eckhart Tolle, Gopal Norbert Klein, Kathrin Shana Weish\u00e4upl, R\u00fcdiger Dahlke, Clemens &hellip; <\/p>\n<p class=\"link-more\"><a href=\"https:\/\/seeleundstimme.de\/start\/meine-arbeitsweise\/\" class=\"more-link\"><span class=\"screen-reader-text\">\u201eMeine Arbeitsweise\u201c<\/span> weiterlesen<\/a><\/p>\n","protected":false},"author":16,"featured_media":0,"parent":0,"menu_order":12,"comment_status":"closed","ping_status":"closed","template":"","meta":{"footnotes":""},"class_list":["post-3227","page","type-page","status-publish","hentry"],"jetpack_sharing_enabled":true,"_links":{"self":[{"href":"https:\/\/seeleundstimme.de\/start\/wp-json\/wp\/v2\/pages\/3227","targetHints":{"allow":["GET"]}}],"collection":[{"href":"https:\/\/seeleundstimme.de\/start\/wp-json\/wp\/v2\/pages"}],"about":[{"href":"https:\/\/seeleundstimme.de\/start\/wp-json\/wp\/v2\/types\/page"}],"author":[{"embeddable":true,"href":"https:\/\/seeleundstimme.de\/start\/wp-json\/wp\/v2\/users\/16"}],"replies":[{"embeddable":true,"href":"https:\/\/seeleundstimme.de\/start\/wp-json\/wp\/v2\/comments?post=3227"}],"version-history":[{"count":2,"href":"https:\/\/seeleundstimme.de\/start\/wp-json\/wp\/v2\/pages\/3227\/revisions"}],"predecessor-version":[{"id":3230,"href":"https:\/\/seeleundstimme.de\/start\/wp-json\/wp\/v2\/pages\/3227\/revisions\/3230"}],"wp:attachment":[{"href":"https:\/\/seeleundstimme.de\/start\/wp-json\/wp\/v2\/media?parent=3227"}],"curies":[{"name":"wp","href":"https:\/\/api.w.org\/{rel}","templated":true}]}}